+ 6. What is t(-4)?
18
Let q(p) = -13*p - 21. Calculate q(6).
-99
Let i(m) = -m**2 - 11*m - 10. Determine i(-10).
0
Let x(d) = -d**3 + 11*d**2 - 29*d - 3. Give x(6).
3
Let c(v) = v**2 - 11*v + 22. Determine c(7).
-6
Let d(y) = y**3 - 7*y**2 + 5*y + 23. Give d(5).
-2
Let y(q) = 4*q**2 - 78*q + 46. Determine y(19).
8
Let d(j) = -35*j - 175. Calculate d(-5).
0
Let n(h) = h**2 - h + 40. Determine n(0).
40
Let n(d) = -9*d - 64. Determine n(-5).
-19
Let q(l) = 6*l**3 - l**2 - 17*l + 32. What is q(2)?
42
Let k(t) = -21*t**3. Give k(-1).
21
Let x(m) = 2*m - 16. Give x(8).
0
Let x(u) = -u**3 + 2*u**2 + 2*u - 3. What is x(6)?
-135
Let x(h) = 2*h**2 - 21*h + 6. What is x(9)?
-21
Let q(h) = -h**3 + 17*h**2 + 19*h - 20. Calculate q(18).
-2
Let a(s) = -10*s - 65. What is a(-7)?
5
Let b(d) = d**2 - 27*d + 49. Determine b(25).
-1
Let n(b) = b**2 + 7*b + 4. Calculate n(-7).
4
Let j(r) = 2*r + 32. What is j(19)?
70
Let b(w) = 2*w + 23. Calculate b(-6).
11
Let i(r) = -2*r - 9. What is i(-8)?
7
Let z(t) = 2*t**2 + t - 15. Determine z(-4).
13
Let f(t) = 2*t - 3. Calculate f(9).
15
Let c(b) = -b**2 + 11*b - 7. Calculate c(7).
21
Let r(s) = s**3 + s**2 + 2*s + 11. Determine r(0).
11
Let q(v) = 2*v**2 - 6*v - 6. Give q(5).
14
Let k(p) = -p**2 - 16*p - 6. Determine k(-12).
42
Let t(b) = b**3 - 6*b**2 - 2*b + 15. Give t(6).
3
Let z(b) = -b - 10. What is z(5)?
-15
Let y(c) = -3*c**2 + 2*c + 4. Determine y(3).
-17
Let d(g) = g**2 + 11*g + 62. Calculate d(-8).
38
Let m(y) = 2*y**2 - 54*y + 41. What is m(26)?
-11
Let v(g) = -32*g - 5. Determine v(-2).
59
Let k(x) = -19*x**2 - 5*x + 5. Calculate k(2).
-81
Let l(w) = w**3 + 7*w**2 + 26. What is l(-8)?
-38
Let j(f) = -f**2 + 2*f + 26. Give j(4).
18
Let f(h) = -6*h - 1. Calculate f(-1).
5
Let v(h) = -15*h - 665. Give v(-45).
10
Let b(d) = d**2 + 18*d - 280. Give b(-28).
0
Let n(o) = 21*o + 155. What is n(-6)?
29
Let t(g) = g**3 - 9*g**2 - 24*g + 14. What is t(11)?
-8
Let k(p) = p**3 + 7*p**2 - 10*p. Calculate k(-8).
16
Let x(b) = 12*b + 393. What is x(-33)?
-3
Let u(a) = a**3 + 39*a**2 - 43*a - 118. Determine u(-40).
2
Let b(s) = s**3 + 27*s**2 - 28*s + 28. Give b(-28).
28
Let u(m) = 2*m**3 + 57*m**2 + 27*m - 45. What is u(-28)?
-17
Let p(z) = 3*z + 27. Calculate p(-7).
6
Let z(d) = 5*d**3 - 3*d**2 - 3*d - 3. What is z(-2)?
-49
Let v(q) = -q**2 + 9*q + 27. What is v(12)?
-9
Let x(o) = o**3 + 2*o + 4. Calculate x(-2).
-8
Let p(d) = -d**2 - 9*d - 5. Calculate p(-3).
13
Let a(c) = 2*c**3 + 5*c**2 - c - 7. Determine a(-4).
-51
Let h(m) = -m**3 + 17*m**2 - 21*m + 22. What is h(15)?
157
Let l(n) = -n - 26. Give l(-29).
3
Let y(c) = 2*c**3 - 33*c**2 - 16*c - 21. Calculate y(17).
-4
Let a(y) = -y - 18. Determine a(-3).
-15
Let j(l) = 5*l**2 + 6*l - 2. Give j(-2).
6
Let i(t) = -101*t + 200. What is i(2)?
-2
Let r(a) = 2*a**3 - 7*a**2 + 1. Determine r(4).
17
Let a(r) = -9*r + 5. What is a(15)?
-130
Let l(c) = c**3 - 3*c**2 - 5*c - 7. Calculate l(5).
18
Let t(g) = g**2 + 17*g - 21. Calculate t(-8).
-93
Let c(a) = -10*a + 212. Give c(19).
22
Let i(t) = -5*t - 15. Give i(6).
-45
Let d(x) = -x**3 + 13*x**2 + 17*x - 47. What is d(14)?
-5
Let j(i) = -i**3 - 7*i**2 - 6*i + 4. Give j(-7).
46
Let c(y) = y**3 + 19*y**2 - 19*y + 23. Give c(-20).
3
Let m(c) = -18*c + 14. Determine m(3).
-40
Let v(k) = 19*k - 190. What is v(10)?
0
Let t(n) = -n - 9. What is t(-7)?
-2
Let m(k) = -k**3 - 8*k**2 - 9*k + 7. Determine m(-6).
-11
Let u(f) = 45*f + 32. Calculate u(-1).
-13
Let k(y) = -y**2 + 9*y + 18. What is k(-6)?
-72
Let z(v) = 18*v**2 - v. Determine z(1).
17
Let b(q) = -q**2 - 3*q + 93. Determine b(-13).
-37
Let s(w) = -28*w + 404. Determine s(14).
12
Let m(t) = -11*t**2 - t - 2. Determine m(-1).
-12
Let k(w) = 2*w - 1. What is k(-6)?
-13
Let x(j) = -2*j - 42. Calculate x(20).
-82
Let b(v) = -12*v**2 + v. Give b(-2).
-50
Let v(z) = -z**2 - 14*z - 49. Give v(-7).
0
Let g(r) = -2*r - 29. Calculate g(-9).
-11
Let l(u) = -u**2 - 5*u + 17. What is l(-8)?
-7
Let c(h) = 2*h - 17. Determine c(-7).
-31
Let b(v) = -v - 9. Determine b(-11).
2
Let q(t) = -2*t**2 + 16*t - 22. What is q(6)?
2
Let c(u) = u + 17. What is c(8)?
25
Let y(g) = g**2 - 15*g - 3. Calculate y(15).
-3
Let o(l) = 12*l**3 + 3*l**2 + 2*l - 1. Give o(-2).
-89
Let a(w) = w**3 + 7*w**2 + 6*w - 9. Calculate a(-5).
11
Let d(p) = 3*p**2 - 6*p - 2. Determine d(4).
22
Let g(s) = s**2 - 5*s - 6. Give g(6).
0
Let r(u) = -u**3 + 4*u**2 - 5*u + 6. Calculate r(4).
-14
Let o(j) = -j**3 - 5*j**2 + j - 25. Determine o(-6).
5
Let x(u) = -13*u + 3. Give x(-5).
68
Let f(i) = 5*i - 54. Calculate f(11).
1
Let s(j) = -43*j + 684. Determine s(16).
-4
Let w(i) = -i**2 - 12*i - 34. What is w(-7)?
1
Let f(c) = -c**3 + 13*c**2 + 2*c + 11. Calculate f(13).
37
Let u(n) = -n**2 - 12*n + 6. Calculate u(-11).
17
Let w(l) = 4*l - 5. Determine w(4).
11
Let o(d) = 15*d + 8. What is o(4)?
68
Let w(y) = 29*y**2 + y + 5. What is w(0)?
5
Let r(i) = -i**3 - 5*i**2 - 7*i - 4. Give r(-5).
31
Let z(k) = -k**3 + 4*k**2 + 11*k + 12. Give z(6).
6
Let x(v) = -2*v - 8. Calculate x(3).
-14
Let n(h) = -6*h + 29. Determine n(9).
-25
Let j(f) = -44*f + 247. Give j(6).
-17
Let s(r) = r**2 + 6*r + 8. Calculate s(-3).
-1
Let w(b) = b**3 - 2*b**2 - 4*b + 5. What is w(3)?
2
Let x(w) = w**2 + 3*w - 89. What is x(-12)?
19
Let v(n) = -n + 2. Determine v(-2).
4
Let d(a) = -a**3 + 35*a**2 - 4. What is d(35)?
-4
Let n(p) = p**2 + 26*p + 125. What is n(-7)?
-8
Let o(n) = -2*n + 23. Calculate o(11).
1
Let s(t) = -3*t**2 - 4*t - 4. Calculate s(-1).
-3
Let r(a) = -3*a - 19. Give r(-7).
2
Let q(f) = f**2 + 21*f. What is q(0)?
0
Let c(w) = -w**2 - 2*w + 7. Give c(0).
7
Let k(o) = -41*o**3 - 1. Determine k(-1).
40
Let a(z) = z**2 - 2*z - 6. Determine a(0).
-6
Let i(u) = 16*u - 18. Calculate i(5).
62
Let w(f) = f**2 - 29*f + 57. Give w(27).
3
Let r(v) = -42*v + 115. What is r(3)?
-11
Let v(s) = -13*s - 89. Give v(-14).
93
Let i(c) = c**3 + 5*c**2 - 7*c - 6. Determine i(-6).
0
Let w(b) = -b - 7. Determine w(1).
-8
Let r(x) = -x - 5. Calculate r(-11).
6
Let v(c) = -2*c**2 + 5*c + 7. Determine v(5).
-18
Let t(w) = w**3 - 44*w**2 - 41*w - 174. Calculate t(45).
6
Let w(v) = -v**2 - 10*v - 15. Determine w(-8).
1
Let n(r) = 4*r**2 + 47*r - 17. Determine n(-12).
-5
Let x(t) = t**3 - 77*t**2 + 74*t + 138. Calculate x(76).
-14
Let x(j) = -j**2 + 7*j - 13. Give x(6).
-7
Let l(p) = -p**3 - 9*p**2 - p - 15. Give l(-9).
-6
Let p(t) = t**3 + t**2 + 10*t + 52. What is p(0)?
52
Let x(k) = k**3 + k**2 + 4*k + 9. What is x(-2)?
-3
Let o(c) = -c + 5. Determine o(14).
-9
Let b(p) = -5*p + 252. What is b(48)?
12
Let d(z) = -z**2 - 6*z + 54. Give d(-12).
-18
Let m(p) = -p**2 - 20*p - 83. Determine m(-14).
1
Let s(i) = -7*i**3 - 2*i**2 + 1. Determine s(1).
-8
Let b(p) = 2*p**3 - 4*p**2 - 100*p - 19. Give b(-6).
5
Let m(o) = 4*o**2 + 4*o + 3. Calculate m(-2).
11
Let q(g) = -12*g - 49. Calculate q(-9).
59
Let m(c) = -30*c**2 - c + 1. Determine m(1).
-30
Let n(d) = -21*d**2 - 5*d + 1. What is n(-1)?
-15
Let k(f) = -2*f**2 - 3. Determine k(2).
-11
Let l(t) = 7*t + 6. What is l(0)?
6
Let b(h) = -3*h + 9. Determine b(7).
-12
Let x(d) = -d**2 - 3*d - 5. What is x(-3)?
-5
Let m(k) = k**3 + 24*k**2 + 94*k - 26. What is m(-19)?
-7
Let j(r) = -r**2 + 8*r - 1. Give j(7).
6
Let i(t) = -2*t + 52. Determine i(28).
-4
Let t(y) = -y**3 - 4*y**2 + 13*y - 4. What is t(-6)?
-10
Let i(j) = 9*j - 25. What is i(0)?
-25
Let a(r) = 2*r**3 + 16*r**2 + 5*r - 62. Calculate a(-7).
1
Let h(s) = -2*s - 3. Calculate h(3).
-9
Let k(r) = -r**2 + 10*r + 4. Determine k(10).
4
Let g(y) = -y**3 + 9*y**2 - 8*y. Calculate g(8).
0
Let u(b) = -45*b - 61. Calculate u(-3).
74
Let t(v) = -4*v + 131. Determine t(34).
-5
Let n(d) = -12*d**2 - 10*d - 1. What is n(2)?
-69
Let f(c) = -2*c**3 - 12*c**2 - 5*c - 4. What is f(-6)?
26
Let v(j) = j**3 + 4*j**2 - 12*j - 9. Calculate v(-6).
-9
Let b(q) = -q**3 + 11*q**2 + 11*q + 7. Calculate b(12).
-5
Let n(j) = -j**3 - 2*j**2 - 2. What is n(2)?
-18
Let v(b) = b**2 - 19*b + 78. Give v(12).
-6
Let k(a) = a**2 + 3*a - 9. Give k(-7).
19
Let v(x) = -6*x**3 - 84*x**2 - x + 2. Give v(-14).
16
Let b(u) = u**2 - 5*u + 1. Give b(12).
85
Let g(u) = u**3 + 11*u**2 + 30*u - 7. What is g(-7)?
-21
Let u(l) = l**2 - 17*l - 64. Determine u(-3).
-4
Let b(q) = q**3 - 7*q**2 - 7*q + 3. Give b(7).
-46
Let q(z)